 common divisor of 26334 and 1?
1
Calculate the highest common divisor of 1428933 and 57.
57
What is the highest common factor of 4514 and 851?
37
What is the greatest common divisor of 35168 and 5992?
56
What is the highest common factor of 77333 and 17?
17
What is the highest common divisor of 34 and 3599614?
34
Calculate the highest common factor of 10508 and 10138.
74
Calculate the greatest common divisor of 67700 and 300.
100
What is the highest common factor of 1632 and 1802?
34
What is the highest common divisor of 1696561 and 37?
37
What is the highest common factor of 1544 and 32810?
386
Calculate the greatest common divisor of 316 and 835109.
79
What is the greatest common divisor of 675 and 185375?
25
Calculate the highest common factor of 97 and 2.
1
What is the greatest common divisor of 638921 and 541?
541
What is the greatest common factor of 315 and 51345?
315
Calculate the greatest common factor of 920552 and 46.
46
Calculate the highest common divisor of 178828 and 1482.
494
Calculate the greatest common factor of 52 and 913588.
52
What is the highest common factor of 312 and 716313?
39
Calculate the greatest common factor of 9330 and 30.
30
Calculate the highest common divisor of 65 and 124345.
65
What is the greatest common divisor of 15 and 168320?
5
What is the highest common divisor of 5544 and 4536?
504
Calculate the greatest common divisor of 259792 and 6.
2
What is the highest common factor of 91656 and 72?
72
What is the greatest common factor of 2724 and 192?
12
What is the highest common factor of 24921 and 27729?
351
Calculate the greatest common factor of 5884873 and 17.
17
What is the highest common factor of 510 and 260355?
255
Calculate the highest common divisor of 30 and 9826230.
30
Calculate the greatest common divisor of 74032 and 1232.
112
Calculate the greatest common factor of 74294 and 88.
22
What is the greatest common divisor of 552 and 103500?
276
Calculate the greatest common factor of 38 and 662.
2
What is the highest common factor of 792 and 8118?
198
Calculate the greatest common factor of 5005209 and 33.
33
What is the greatest common factor of 99366 and 30?
6
What is the greatest common divisor of 198 and 95766?
66
Calculate the highest common divisor of 93027 and 1067.
11
Calculate the highest common factor of 16 and 418576.
16
What is the greatest common factor of 5 and 107941?
1
Calculate the highest common factor of 16 and 904584.
8
What is the highest common factor of 5 and 81065?
5
What is the highest common factor of 472584 and 4?
4
What is the greatest common factor of 1800610 and 56?
14
Calculate the greatest common factor of 522 and 1597842.
522
What is the greatest common divisor of 2 and 44477?
1
What is the highest common factor of 5306 and 3738?
14
Calculate the greatest common factor of 25 and 12300.
25
Calculate the greatest common divisor of 188820 and 48.
12
What is the greatest common factor of 1564 and 10442?
46
What is the highest common divisor of 1524 and 52324?
508
Calculate the highest common divisor of 163726 and 142.
142
Calculate the greatest common divisor of 804 and 56682.
402
What is the highest common divisor of 2057 and 425?
17
Calculate the highest common factor of 2097 and 91569.
699
What is the greatest common factor of 1208 and 624989?
151
What is the greatest common divisor of 153 and 5304?
51
Calculate the greatest common divisor of 37080 and 60120.
360
What is the highest common factor of 77989 and 12191?
167
What is the highest common factor of 52447 and 29714?
179
Calculate the greatest common divisor of 3268 and 12388.
76
What is the greatest common divisor of 2653 and 9079?
7
Calculate the greatest common divisor of 343497 and 231.
231
Calculate the highest common factor of 6 and 3141.
3
What is the greatest common factor of 6458573 and 11?
11
What is the highest common factor of 10990 and 2161890?
1570
Calculate the highest common divisor of 57736 and 56.
56
What is the greatest common divisor of 57365 and 11935?
385
What is the highest common divisor of 222068 and 392?
196
Calculate the greatest common divisor of 15 and 10635.
15
Calculate the greatest common divisor of 48 and 6632.
8
Calculate the greatest common divisor of 780 and 26340.
60
What is the greatest common factor of 13 and 121901?
13
Calculate the highest common divisor of 220574 and 58.
58
What is the greatest common factor of 38 and 2197084?
38
Calculate the greatest common factor of 3703 and 21689.
529
What is the highest common factor of 2 and 22598?
2
Calculate the highest common divisor of 6775672 and 1264.
632
Calculate the greatest common divisor of 368424 and 2838.
258
What is the highest common divisor of 558 and 90?
18
What is the highest common divisor of 19135 and 1424?
89
Calculate the greatest common divisor of 381 and 849.
3
What is the highest common divisor of 4 and 340590?
2
What is the greatest common factor of 9637 and 92?
23
What is the highest common divisor of 1135 and 16117?
227
What is the highest common factor of 17197 and 1073?
29
Calculate the highest common factor of 388179 and 297.
297
Calculate the highest common divisor of 255 and 17340.
255
What is the highest common factor of 5886 and 6976?
218
Calculate the highest common divisor of 1826 and 3443.
11
Calculate the greatest common divisor of 3 and 269196.
3
What is the highest common divisor of 80 and 42760?
40
What is the highest common factor of 228074 and 154?
154
Calculate the highest common divisor of 717242 and 142.
142
What is the highest common divisor of 143497 and 391?
391
What is the highest common factor of 302547 and 21?
21
What is the greatest common factor of 1541 and 690?
23
What is the highest common factor of 312 and 7536?
24
Calculate the greatest common divisor of 140798 and 4984.
1246
Calculate the greatest common factor of 7880 and 1944.
8
Calculate the highest common factor of 524 and 328679.
131
What is the greatest common factor of 33480 and 27?
27
Calculate the highest common factor of 231 and 224805.
21
What is the highest common divisor of 3232 and 18281?
101
Calculate the greatest common factor of 1934 and 6.
2
What is the greatest common factor of 763 and 70087?
109
Calculate the highest common factor of 3538538 and 268.
134
Calculate the highest common factor of 46820 and 80.
20
What is the greatest common factor of 334 and 142?
2
Calculate the highest common factor of 51584 and 1872.
208
Calculate the greatest common divisor of 141615 and 9.
9
Calculate the greatest common factor of 42742 and 32305.
497
Calculate the greatest common divisor of 208398 and 564.
282
Calculate the greatest common divisor of 1336 and 25551.
167
Calculate the greatest common divisor of 144 and 7713.
9
What is the highest common divisor of 2256303 and 147?
147
What is the highest common factor of 1988240 and 29?
29
Calculate the greatest common divisor of 80 and 1183240.
40
What is the highest common factor of 3 and 1234?
1
Calculate the greatest common factor of 1356 and 60.
12
Calculate the greatest common divisor of 17086 and 8.
2
What is the highest common factor of 5058 and 162?
18
Calculate the greatest common factor of 925 and 9025.
25
What is the greatest common divisor of 10 and 47720?
10
What is the highest common divisor of 8 and 32244?
4
What is the greatest common factor of 11500 and 370?
10
Calculate the greatest common factor of 215084 and 1972.
68
What is the greatest common divisor of 1593 and 2889?
27
Calculate the highest common divisor of 746672 and 161.
23
Calculate the greatest common factor of 1330 and 316610.
70
Calculate the greatest common factor of 96 and 20040.
24
Calculate the highest common divisor of 77033 and 40843.
517
What is the greatest common factor of 176 and 2266?
22
Calculate the highest common factor of 336 and 496692.
84
What is the highest common factor of 156480 and 448?
64
Calculate the greatest common divisor of 1300 and 2808.
52
What is the greatest common factor of 768 and 5488?
16
What is the highest common factor of 4590 and 8010?
90
What is the greatest common factor of 3354 and 971112?
258
Calculate the highest common divisor of 11866 and 3638.
34
What is the highest common divisor of 61092 and 891?
9
Calculate the greatest common facto